3*r + r = -23. Let d(v) = v**3 - 4*v**2 - 4*v + 1. Determine d(j).
6
Let a(y) = -y - 1. Let o(b) = -b**2 + 8*b + 5. Let x(p) = -5*a(p) - o(p). Let j = 23 + -19. What is x(j)?
4
Let u(a) = -a. Let s(v) = -v**3 - 6*v**2 - 9*v. Let q be s(-4). Give u(q).
-4
Let b be (-2)/(-16)*6*-4. Let a(z) = 9*z + 9. Let t(x) = 4*x + 4. Let n(y) = -3*a(y) + 7*t(y). Give n(b).
-2
Let x be (-8)/(-2)*(-9)/(-12). Let k(q) be the first derivative of q**4/8 + q**3/2 - 5*q**2/2 + 1. Let u(y) be the second derivative of k(y). What is u(x)?
12
Let p(f) be the first derivative of f**2/2 + 4*f + 2. Give p(-6).
-2
Let o be (2/3)/(8/36). Let u be (-1 - o)/(-4 - -2). Let p(g) = 4*g - g - 4*g**2 + 3*g + 2 + 5*g**u. Calculate p(-5).
-3
Let f(v) = 4*v - 7*v + v**2 + 1 + 0*v**2 - v**3 + v**2. What is f(2)?
-5
Let h(p) be the first derivative of p**3/3 - p**2/2 - 5*p - 21. Let a(n) = -n - 1. Let i be a(-5). Calculate h(i).
7
Let f(x) be the first derivative of x**3/3 - 2*x**2 - 5*x - 39. What is f(6)?
7
Let j(g) be the first derivative of g**3 - 3*g**2/2 + 2*g - 3. Let y be j(2). Let a(o) = -o**3 + y + 4*o**2 + 7*o - 5 - 2*o. Calculate a(5).
3
Let t(r) = -7*r**3 + 13*r**2 - 12*r - 5. Let p(s) = 6*s**3 - 12*s**2 + 11*s + 5. Let w(q) = 6*p(q) + 5*t(q). What is w(6)?
5
Let l(w) = -2*w - 5. Suppose 4*m = -20, 0 = -5*s + 2*m - 10. What is l(s)?
3
Let t(d) = 1 - 5 + 3 + 4*d. What is t(3)?
11
Let c(m) be the first derivative of -2*m**3/3 - 2*m**2 + m + 19. Give c(-3).
-5
Let w(i) be the first derivative of i**2/2 - 3*i - 10. Give w(3).
0
Let x(s) be the third derivative of s**6/120 + s**5/20 - 5*s**4/24 + s**3/3 - 3*s**2. What is x(-4)?
6
Let j(c) = -2*c + 6. Suppose -5*q + 22 = 4*b, -3*q + 7*b - 2*b = -28. Determine j(q).
-6
Let z(x) be the third derivative of x**5/10 + x**3/6 + x**2. Let n(a) = -a + 10. Let c be n(11). Determine z(c).
7
Let k(s) be the third derivative of -s**5/60 - s**4/3 - 4*s**3/3 - 99*s**2 + 2*s. Suppose -5*o + 3*d - 22 = 17, 3*o = -5*d - 3. Give k(o).
4
Let t(a) = 7*a**3 + 2*a + 1. Let i(z) = -z - 7. Let q be i(6). Let x = q - -12. Calculate t(x).
-8
Let h(t) = -2*t - 8. Let a be h(-6). Let l(i) be the third derivative of 1/24*i**a + 0 + 0*i + 1/3*i**3 + i**2. Calculate l(-5).
-3
Let n(x) = -1 + 10 + x**2 - 15. Give n(-5).
19
Let z(x) = -x**2 + 5*x + 2. Let n be z(5). Let u(b) = -b**n - 1 + 0*b + b + 5*b. Let v(c) = -c**3 + 14*c**2 + 2*c - 23. Let d be v(14). Calculate u(d).
4
Let p(b) = -3*b + 4 - 2*b + 0*b. Suppose 4*i - 16 = 0, -3*t + 4 = -5*i + 9. Suppose -t*q + 5 + 10 = 0. Give p(q).
-11
Suppose 4*p = 5*p. Suppose -3*w - 3*w - 12 = p. Let h(k) = -2*k**2 - 2*k - 1. What is h(w)?
-5
Let f(r) = 0 + 4 - 10*r + 12*r. Suppose 0 = -w + h + 10 - 4, 5*w - h = 18. Suppose -w*k - 15 = 2*o, 0 = -3*k - 2*o + 3*o - 6. Calculate f(k).
-2
Let n(v) = -7 - v - v + 3*v. Suppose 32 + 13 = 5*i. Suppose 0 = 3*j + i, -j + 0*j = 5*m - 22. Give n(m).
-2
Let x(z) = -4*z**3 + z**2 - 2*z - 3. Let j(l) = l**3 - l**2 + l. Let m(s) = 5*j(s) + x(s). What is m(2)?
-5
Let p be (4/6)/(4*(-1)/(-12)). Let b(q) = q**2 - 3*q + 3. Determine b(p).
1
Let d(h) = 3*h - 6. Let p = -11 - -16. Suppose -1 - 7 = 2*j, p*o + j = 101. Suppose 0 = -5*c + o - 1. Calculate d(c).
6
Let r(b) = -4*b. Let v = 5 + -9. Let i(t) = -5*t + 1. Let h(s) = v*r(s) + 3*i(s). Suppose 9 = -3*z + 24. Calculate h(z).
8
Let m(v) = -529 + v**2 + 529. Let a(p) = 10*p**2 + p. Let z(c) = -a(c) + 6*m(c). Give z(-1).
-3
Let y be 6/(-14) - 85/(-35). Suppose -2*p = -0 - 4. Let z(h) = p*h + 0 - 1 - h**2 + y. Calculate z(4).
-7
Let t = -16 - -20. Let z(m) be the first derivative of 3*m + 1 - 1/4*m**t + 0*m**2 + m**3. Give z(3).
3
Let t be (-4)/(-10) + 38/5. Let b = t - 12. Let y be (-6)/b*4/3. Let o(r) = 2*r + 1. Give o(y).
5
Let m(k) = k**2 + 4*k + 2. Let s(p) = p**2 + 5*p + 2. Suppose 2*z - 5*z + 18 = 0. Let f(l) = z*s(l) - 7*m(l). Determine f(3).
-5
Let x(i) = 3*i - 13. Let j(r) = 4*r - 14. Let y(z) = 5*j(z) - 6*x(z). What is y(-6)?
-4
Let x(s) = -s - 8. Let t be x(-11). Suppose y = 2*y + t. Let g(o) be the first derivative of -2*o**3/3 - 3*o**2/2 + o - 3. Give g(y).
-8
Suppose -3*d - g = 5, 0 = g + 8 - 6. Let j(n) be the second derivative of 3*n**5/5 + n**4/12 - n. Give j(d).
-11
Let d(n) = -3*n**3 + 1 + n**2 + 6*n**3 - 2*n**2 - 2*n + 2*n**2. Give d(1).
3
Let y(b) = -4 - 2 - b + 4. Let w = 10 - 16. What is y(w)?
4
Suppose -6*i + 9*i = 9. Let r(f) = 6*f + i*f - 4*f. What is r(-1)?
-5
Suppose 5*x + 2*p - 30 = 0, 29 = 4*x - 5*p + 5. Let a be (8/5)/((-1)/(-5)). Let b(t) = a*t - 4 - 2 - t**3 + 1 + 5*t**2. Give b(x).
7
Let p(h) = -5*h**2 - 1. Let y(c) = -c**2 + 4*c + 1. Let i be y(4). Determine p(i).
-6
Let v(n) = -n**3 + 2*n**2 + 2*n - 1. Let r be v(3). Let b(l) = 2*l**2 - 2*l**2 + l**2 + 0*l + 4*l. Determine b(r).
0
Let o(z) = -z**3 - 1. Let v be (-3*(-1)/3)/(-1). Calculate o(v).
0
Let p(n) be the first derivative of -8*n**3/3 - n**2/2 - n + 1. Let k = -4 + 6. Suppose 1 - k = t. Give p(t).
-8
Suppose 4*x + 5*i + 1 = -0*x, -3*i = 3*x. Let v be ((-1)/1)/x*-1. Let b(l) = 5*l - 1. What is b(v)?
4
Let o(c) be the first derivative of -c**2/2 - 2*c - 2. Determine o(2).
-4
Let y(l) be the second derivative of -l**5/10 - l**3/3 - l**2/2 + 23*l. Determine y(-1).
3
Let v(h) = 5 + 4*h**3 + 2*h**3 + 8*h - 5*h**3 + 7*h**2. What is v(-6)?
-7
Let g(l) = -12*l - 96. Let y(i) = -i - 7. Let j(t) = 2*g(t) - 27*y(t). Suppose 3*m = -3*q + 12, -2*q + 4*m + 1 + 7 = 0. Determine j(q).
9
Let v(s) = -21*s + 45*s - 7 - 23*s. Give v(6).
-1
Let m(v) be the second derivative of -1/2*v**2 + 1/3*v**3 + 0 - 1/6*v**4 + 2*v. Let z = 4 + -2. Calculate m(z).
-5
Let n(g) be the second derivative of g**3/6 - g**2 + g. Let w = -9 - -7. Give n(w).
-4
Let z(v) be the first derivative of v**3/3 - 3*v**2 - 3*v + 4. What is z(3)?
-12
Let p = 2 + -2. Suppose -d - 2*d + 3 = p. Let r(t) = 4*t**2 - 1. Calculate r(d).
3
Let i(y) be the third derivative of y**6/120 - 2*y**5/15 + 2*y**3/3 - y**2. Let m be i(8). Let k(w) = w. Calculate k(m).
4
Let a be (3/2)/((-4)/(-8)). Let g be 10/a + 2/(-6). Let w(u) = u**2 - 3*u + 4. Give w(g).
4
Let k(f) = f. Suppose 5*r - 3*j = 4*r + 5, -4 = 4*j. Suppose 1 = n + r. Let t be (-1)/((-1 - -2)*n). Calculate k(t).
1
Let w(k) = -4*k - 14. Let c be w(-4). Let n(a) = a**3 - 5*a**2 + 3*a - 2. What is n(c)?
-8
Let p = 11 + -10. Let w(r) = 13*r. Determine w(p).
13
Let n = 13 - 17. Let i(f) be the second derivative of f**7/2520 + f**6/144 + f**4/6 + 3*f. Let v(p) be the third derivative of i(p). Calculate v(n).
-4
Let n(v) = -v**2 - 3*v - 2. Let g be n(-2). Let h = g - -2. Let f(z) = -h*z**3 + 2 + 5*z**2 + 6*z - z**2 + z**3. Give f(5).
7
Let u(j) = -j**2. Suppose -4 = -3*k - 2*c, -2*k + 9 + 11 = -3*c. Suppose -49 = -k*v + 11. Suppose 7 - v = 4*x - 2*w, -3*w = 3*x - 3. What is u(x)?
-1
Let j(v) = -v**3 - v**2 - 5*v**2 + 11 - 18 + 0*v**3. Suppose t = -5 - 1. What is j(t)?
-7
Let t(w) be the third derivative of -w**6/120 - w**5/12 + w**4/6 + 7*w**3/6 - 5*w**2. Give t(-5).
-13
Let q(j) = -2*j - 9. Let g(w) = 5*w + 19. Let a(t) = 6*g(t) + 13*q(t). Determine a(-3).
-15
Let l be (-4)/14 - (-185)/35. Let x(i) = i**3 - 5*i**2 - i - 3. Calculate x(l).
-8
Let o(b) = -57*b**2 + 109*b**2 - 8*b + 3*b**3 - 59*b**2 - 4*b**3 - 5. Determine o(-6).
7
Let m(h) be the first derivative of -5*h**2/2 - h + 27. Determine m(-3).
14
Suppose 9 - 27 = 2*v. Let k(p) = p**2 + 10*p - 1. Determine k(v).
-10
Let z(w) = -9*w + 7. Let a(y) = -25*y + 20. Let g(h) = -4*a(h) + 11*z(h). Calculate g(-5).
-8
Let f(o) = -o**2 + 2. Let y be f(-2). Let k = 3 - 2. Let j be 0 + k + (-4)/y. Let a(x) = -x**3 + 2*x**2 + 3*x + 1. What is a(j)?
1
Let g be (8/10)/((-8)/(-20)). Let y(j) = g - 3 + j - 3. Give y(5).
1
Let r(y) be the second derivative of -y**6/360 - y**5/15 - y**4/8 - 5*y**3/6 + 6*y. Let f(k) be the second derivative of r(k). Calculate f(-3).
12
Let v(j) = -35*j**3 - 23*j**2 + 17*j + 3. Let k(f) = 12*f**3 + 8*f**2 - 6*f - 1. Let i(o) = 17*k(o) + 6*v(o). Let r = -12 - -13. What is i(r)?
-7
Let o(t) = -3 - t**2 + 0 - 3 + 8*t. Suppose 0 = -5*n + 3*u - u + 38, -2 = -3*n - 4*u. Calculate o(n).
6
Let p(u) = 7*u + 5 - 2*u - 3*u. Suppose -3*s = -2*k - 4, 4*k - 17 + 3 = -5*s. Let t = s - 7. Give p(t).
-5
Let z(y) = 3*y + 2. Let t(d) = -d**3 - 6*d**2 - 7*d - 6. Let m be t(-5). Suppose 0*n = -2*w - m*n + 12, -